*2 - 8*j + 32. What is the remainder when d(-10) is divided by t(9)?
17
Suppose 0 = -3*t - 2*g + 99, 3*t + 32*g = 36*g + 63. Calculate the remainder when 85 is divided by t.
27
Suppose 8*z - 7*z = 2. What is the remainder when 66 is divided by z/(0 - 4/(-50))?
16
Let u(r) = 2*r**2 + r - 6. Let w be u(3). Suppose 2*z - w = -3*n, 2*n + 5*z = 9 + 12. Suppose -n*v - 2*v = -185. What is the remainder when v is divided by 13?
11
Suppose 129*v - 151*v + 1144 = 0. Calculate the remainder when 237 is divided by v.
29
Let x = 559 + -551. Suppose -5*c - 6*k - 57 = -x*c, 2*c = 2*k + 38. Suppose -6*j + j + 50 = 0. What is the remainder when c is divided by j?
9
Let g be 1128/42 + (-24)/(-21). Let t = -10 - -53. Let w = g + t. Calculate the remainder when w is divided by 18.
17
Let c(y) = 4*y**2 - 6*y + 25. Let z be (-5*5/75)/(3/(-63)). What is the remainder when c(z) is divided by 38?
27
Let g(v) = v**2 + 9*v - 22. What is the remainder when 22 is divided by g(3)?
8
Let v = 71 + -29. Suppose 8*b - v = 10*b. Let k = 25 + b. What is the remainder when 12 is divided by k?
0
Suppose -8*z - 1344 = -5*z. Let l be 3*(z/(-3))/(-8). Let u = 70 + l. Calculate the remainder when 37 is divided by u.
9
Suppose -69 + 9 = -15*i. Suppose 146 = 2*k - 5*y, -i*y - 141 = 5*k - 440. Calculate the remainder when k is divided by 34.
29
Let l(n) = -55*n - 483. Calculate the remainder when 1508 is divided by l(-9).
8
Suppose 120 = -16*c + 21*c. Let h(p) = p + 17. Let i be h(-12). Suppose i*f + 64 = 9*f. Calculate the remainder when c is divided by f.
8
Let r be (-5)/(-1) + 0/9. Suppose 0 = r*d + 5*p - 0*p - 210, 5*d + 4*p = 209. Calculate the remainder when d is divided by -2 + (-2 - -2) - -24.
19
Let w(p) = 79*p + 2370. Calculate the remainder when w(-12) is divided by 37.
16
Let v(f) = -5*f**3 + 33*f**2 - 27*f - 56. Let m(x) = -x**3 + 8*x**2 - 7*x - 14. Let z(o) = 9*m(o) - 2*v(o). What is the remainder when z(-5) is divided by 19?
18
Let y = -24 + 29. Suppose -y = -2*n - 3*j, 5*j = n + n - 13. Suppose 2*g + 14 = n*g. What is the remainder when 17 is divided by g?
3
Let p be 2 - 16/4*1 - 26. Let c = p - -95. What is the remainder when c is divided by 7?
4
Suppose 3*c - 10680 = -5*n, 2*c + n - 2771 = 4356. Suppose 50*b - c = -1065. What is the remainder when b is divided by 16?
2
Let p(g) = -94*g**3 + g**2 + g - 1. Let n be p(1). Suppose 75 + 735 = -15*u. Let z = u - n. What is the remainder when z is divided by 20?
19
Suppose p + w = 398, w + 1954 = -10*p + 15*p. What is the remainder when p is divided by 75?
17
Let p(g) = 5*g**2 + 61*g - 373. What is the remainder when p(5) is divided by 26?
5
Let j(u) = -u**2 + 18*u - 65. Suppose -4*w - 3 = 1, -5*k + 125 = 5*w. Calculate the remainder when k is divided by j(9).
10
Suppose 3*i - 11 = 76. Let u(t) = 146*t - 144. Let s be u(15). Suppose -22*x + s = -1760. Calculate the remainder when x is divided by i.
28
Let m(f) = -34*f**2 - 480*f - 1. Calculate the remainder when 269 is divided by m(-14).
49
Let l = -5637 + 7594. Calculate the remainder when l is divided by 279.
4
Suppose -61*n = -100*n - 458*n + 75047. Calculate the remainder when 153 is divided by n.
2
Let m = -3421 - -3441. Calculate the remainder when m is divided by 4 - 16/12 - 2/(-6).
2
Let h(d) = 22*d**3 + d**2 - 1. Let v = 34 - 19. What is the remainder when h(1) is divided by v?
7
Let u(x) = -2*x**3 + 61*x**2 + 407*x - 16. What is the remainder when u(-7) is divided by 327?
156
Let h(y) = y**3 - 2*y**2 + 3*y + 3. Suppose 4*q + 2*o = 196, 21*q - 23*q - 3*o + 86 = 0. Calculate the remainder when q is divided by h(3).
10
Let z = -1121 - -1175. What is the remainder when 8097 is divided by z?
51
Suppose 4*f = -4*x + 872, 4*f - 888 = -4*x + 8*f. Suppose 9*q - 338 - x = 0. What is the remainder when q is divided by 11?
7
Let i(r) = 5*r**2 + 3*r + 1 + 1 + 2*r - 5. Let o = -91 + 100. Calculate the remainder when o is divided by i(1).
2
Let o(g) = -g**2 - 12*g + 40. Let t be (-2508)/171 + (-4)/(-6). Calculate the remainder when 393 is divided by o(t).
9
Let a(c) = 2*c + 729. What is the remainder when a(-10) is divided by 79?
77
Suppose 71*d = 55*d + 576. Calculate the remainder when 3022 is divided by d.
34
Suppose 3*b = 3*f + 152 + 565, -f - 224 = -4*b. Let h = f + 360. Calculate the remainder when h is divided by 9.
8
What is the remainder when ((-1550)/496 + 2/16)*-173 is divided by 52?
51
Let q = -7325 - -7316. Let r(d) be the first derivative of d**4/4 + 8*d**3/3 - 7*d**2/2 + 20*d - 1. What is the remainder when 10 is divided by r(q)?
0
Let o = -3582 + 3912. Calculate the remainder when 720 is divided by o.
60
Suppose -5*g = -165 - 155. Suppose -25*d - 1856 - 344 = -65*d. Let x = g - d. Calculate the remainder when x is divided by 4.
1
Let m be 13*6 + 1 + -1. Suppose 0 = 2*u + 11*u - m. Suppose 3*j = 3*y - u, 7*y - 2*y - 50 = -5*j. Calculate the remainder when 27 is divided by y.
3
What is the remainder when 3036 - ((-4)/24*0 - (-1 + 0)) is divided by 62?
59
Let v(r) = r**3 + 43*r**2 - 43*r + 264. Let m be v(-44). What is the remainder when 205 is divided by 3344/m + 4/5?
13
Let i = 196 - -54. Suppose -7*b + 10*b + 3*p = 738, i = b + 2*p. What is the remainder when b is divided by 63?
53
Suppose 2*h - 4*h = 0. Suppose 3*j = -2*g - h*g + 13, -5*j = -g. Suppose b + 5*w - 64 = -25, -249 = -5*b + 2*w. What is the remainder when b is divided by g?
4
Suppose 6356 = 436*o - 6382 + 94. What is the remainder when o is divided by (6/4)/((-1)/(-10))?
14
Let r = 46 - 22. Suppose 5*l + 0 - r = -2*s, 6 = 2*l + 2*s. Suppose 18 = 2*q - d + l*d, -5*q + 45 = 2*d. Calculate the remainder when q is divided by 6.
3
Let t = -3633 - -6392. Calculate the remainder when t is divided by 15.
14
Let v(k) = 969*k - 6771. Let y = 2 + -2. What is the remainder when 3*(y - 29/(-3)) is divided by v(7)?
5
Let y = 47 - 10. Let d(w) = -2*w**3 + 51*w**2 - 23*w - 41. Let m be d(24). Let l = m - 1110. Calculate the remainder when y is divided by l.
12
Suppose 0 = -3*u + 5*i + 1443, 0*i - 488 = -u + 4*i. Let k = u + -467. Calculate the remainder when 23 is divided by k.
5
Let c be (5/2 - (-30 - -30))*2. Suppose n = -3*q + 96, 5*n - q = -c*q + 524. Calculate the remainder when n is divided by 17.
6
Let d = -107 - -112. Suppose -9*s = -7*s - 4. Suppose -3 = -2*c - 3*m + 10, 0 = -s*m + 2. What is the remainder when c is divided by d?
0
Let u = 119 + -110. Let s(d) = -2*d**2 + 25*d - 22. Let k be s(11). Suppose k*l - 43 = -10. Calculate the remainder when u is divided by l.
0
Let u(a) = -a**2 + 200*a - 1592. What is the remainder when u(133) is divided by 8?
7
Suppose -4*g = -9*g + 5. Let b be 5*(2 - g)/1. What is the remainder when 123 is divided by (b - -7)/(4/14)?
39
Let c = 13119 - 13012. Calculate the remainder when 5454 is divided by c.
104
Calculate the remainder when (2 + -2 + 426/3)*(-2262)/(-156) is divided by 10.
9
Suppose 296 = 44*h - 43*h. Suppose 104 + h = 16*q. Calculate the remainder when 222 is divided by q.
22
Suppose -281*d + 26030 = -91*d. Suppose 82 + 58 = 4*h. Calculate the remainder when d is divided by h.
32
Let z = -121 - -149. Suppose 21*x - z = 14*x. Suppose 0 = -x*k + 4*i + 12, -2*i - 30 = -4*k - k. Calculate the remainder when 8 is divided by k.
0
Let y(w) = -w**3 - 8*w**2 + 33*w + 18. Let h be y(-11). Suppose -12*m = -9*m - h. What is the remainder when 10 is divided by m?
4
Suppose d = -2*d + 15. Suppose 0 = -2*z + 4*p, 3*p + 9 = d*z + 2. Suppose 2*b = -2*b - s + 181, -z*s = 6. What is the remainder when b is divided by 25?
21
Suppose 6 = g + 2. Suppose -g*c - 2*m - m + 87 = 0, -5*m = 5*c - 115. Let w(v) = v + 39. Calculate the remainder when w(c) is divided by 31.
26
Let a(d) = 13 + 3*d + d - 11*d. Let g be a(9). Let n = 53 + g. Calculate the remainder when 6 is divided by n.
0
Let v(s) = -110*s - 1109. Calculate the remainder when 7470 is divided by v(-11).
97
What is the remainder when 1302 is divided by ((4/(-7))/(30/(-35)))/(42/40383)?
20
Suppose 175*p = 186*p - 33. Suppose -4*w - 76 = -6*w + 3*v, p*v = -w + 20. Calculate the remainder when 133 is divided by w.
5
Let x be (-14)/8 - (-2)/(-8). Let k = 57338 - 57332. What is the remainder when (9 + 1)/((-2)/x) is divided by k?
4
Suppose -f = 2*i + 10 + 1, i + 10 = -5*f. What is the remainder when 46 is divided by ((-10)/6 - f)